base 4, what is -100 + -231002333133?
-231002333233
In base 5, what is -412044040 + 12?
-412044023
In base 16, what is 3d2 - -7e6?
bb8
In base 13, what is -188a - -4ab3?
3226
In base 9, what is -42 + -38375370?
-38375422
In base 8, what is 1324272 - 670?
1323402
In base 4, what is -33031320130 - -1012?
-33031313112
In base 8, what is -71 + 535456?
535365
In base 5, what is -230 - 1423343?
-1424123
In base 14, what is -315692 + -72?
-315724
In base 5, what is -201304110 - -3?
-201304102
In base 6, what is -1 + 12245435151?
12245435150
In base 5, what is 142441310332 + -10?
142441310322
In base 7, what is 1 + 15514136?
15514140
In base 9, what is 686441 + 20?
686461
In base 12, what is 40b + 12164?
12573
In base 15, what is -b + -25d4a3b?
-25d4a47
In base 3, what is -10 - -212020010110112?
212020010110102
In base 3, what is -12220200111122 + 10?
-12220200111112
In base 11, what is a31a5263 - -3?
a31a5266
In base 15, what is -798 - 8a0?
-1148
In base 2, what is 1011 + -10101100101100011001111101?
-10101100101100011001110010
In base 4, what is -113001200130 - -3?
-113001200121
In base 14, what is -bb5 - -1a2cb?
19516
In base 12, what is a7bb - -1245?
ba44
In base 12, what is -53 + -95a5a4?
-95a637
In base 12, what is a66b129 + 1b?
a66b148
In base 2, what is 100 + 1111001101101001000?
1111001101101001100
In base 9, what is -6 + -585363?
-585370
In base 4, what is 12010 - 302202?
-230132
In base 15, what is -264167 + -101?
-264268
In base 7, what is 31033 - -3442?
34505
In base 14, what is 15177 - 34cc?
11a89
In base 15, what is 12eeb - -60?
1305b
In base 7, what is 326560326 - -3?
326560332
In base 4, what is -2001003202 + 210?
-2001002332
In base 10, what is -131 + -773932?
-774063
In base 4, what is -110 - 21220221?
-21220331
In base 16, what is -5a - 6caa6?
-6cb00
In base 5, what is 2000 + 3233140?
3240140
In base 5, what is -34020300 - -12104?
-34003141
In base 6, what is -12255032 + -51?
-12255123
In base 12, what is -27 - -45b1?
4586
In base 4, what is 3022232301220 - 11?
3022232301203
In base 4, what is -123121020102 - 0?
-123121020102
In base 7, what is -103156 - -56?
-103100
In base 9, what is -1212216 + -16?
-1212233
In base 7, what is -1146365 - 42?
-1146440
In base 12, what is -67 - -1647b?
16414
In base 9, what is 86757 + -5704?
81053
In base 5, what is 303120 + -3244033?
-2440413
In base 10, what is 21342635 - 6?
21342629
In base 6, what is -5153525141 + -3?
-5153525144
In base 13, what is ca8b4 - -68?
ca94c
In base 6, what is -1 + 135535352?
135535351
In base 3, what is 221221212110 + -20002?
221221122101
In base 2, what is 1000101011000101000 - -110?
1000101011000101110
In base 16, what is -62c4 + -4d0e?
-afd2
In base 2, what is 110001110001110100000111101 - 11?
110001110001110100000111010
In base 3, what is 10020200202 - 10211?
10020112221
In base 15, what is 218322b8 + -4?
218322b4
In base 5, what is 1043 - 332243?
-331200
In base 7, what is 1363 + 421303?
422666
In base 8, what is 15073 + 23571?
40664
In base 8, what is -434 - 340255?
-340711
In base 2, what is -1011000001011 - 1010000010011001?
-1011011010100100
In base 8, what is 26 + 6154157?
6154205
In base 8, what is -20756 + 1240?
-17516
In base 5, what is 212 - -23112304?
23113021
In base 11, what is -873a221 + -4?
-873a225
In base 6, what is -3 + -55334042?
-55334045
In base 5, what is 1323 - 2433103?
-2431230
In base 9, what is -11 - -111283?
111272
In base 8, what is 4503473301 + 4?
4503473305
In base 5, what is -2 - 240224034320?
-240224034322
In base 4, what is -10 + 313012022?
313012012
In base 15, what is 7c + 205ad?
2063a
In base 10, what is -1 + 3835310?
3835309
In base 11, what is 4 + 11100665?
11100669
In base 7, what is -4333444 + 423?
-4333021
In base 9, what is -851658 - 257?
-852026
In base 16, what is 5 + 965e57?
965e5c
In base 8, what is 1367564150 + -2?
1367564146
In base 13, what is -2059c4 + -1?
-2059c5
In base 10, what is 2298232 - -29?
2298261
In base 3, what is -121022102201 + 22?
-121022102102
In base 14, what is -30 + -310d99?
-310dc9
In base 14, what is -7d33 + 106d?
-6ca4
In base 16, what is d8a - 22e?
b5c
In base 10, what is -210 + 27?
-183
In base 9, what is -3 - 267041080?
-267041083
In base 7, what is 15300626 - -121?
15301050
In base 15, what is -9989e0 - 0?
-9989e0
In base 4, what is 3223321232 + 0?
3223321232
In base 9, what is -2 + -4077508?
-4077511
In base 4, what is -1 - -303100332002?
303100332001
In base 12, what is -3 + 972920?
972919
In base 14, what is -46b6539 - -7?
-46b6532
In base 11, what is 60856a3 + -25?
6085679
In base 3, what is -11 - 1010010011120102?
-1010010011120120
In base 3, what is -200111201100121010 - 10?
-200111201100121020
In base 5, what is 14031 - -2032112?
2101143
In base 5, what is 42331030 - 1?
42331024
In base 12, what is -11486 + 1362?
-10124
In base 14, what is -228460 - -3?
-22845b
In base 16, what is -4 - -8674d?
86749
In base 8, what is 0 - 164675426?
-164675426
In base 5, what is 1332042 - 100331?
1231211
In base 13, what is -111b90 - 96?
-111c56
In base 2, what is -1111110000010001000 - -10001?
-1111110000001110111
In base 10, what is -8644 + 1011?
-7633
In base 8, what is 2745335 + 154?
2745511
In base 8, what is 612 + -14436?
-13624
In base 8, what is -24261650 + -172?
-24262042
In base 15, what is 55399262 - 2?
55399260
In base 14, what is a - -361d897?
361d8a3
In base 9, what is 72 + 1552530?
1552612
In base 6, what is -500340301 - -11?
-500340250
In base 8, what is 202435053 - 2?
202435051
In base 16, what is -1908a - 146f?
-1a4f9
In base 14, what is -150 + -71438?
-71588
In base 15, what is 49e55 - 35e?
49ae6
In base 8, what is 646151 - -4360?
652531
In base 16, what is -6a9c0 - -10?
-6a9b0
In base 3, what is 1010000222201222211 + 10?
1010000222201222221
In base 15, what is 9a0975 + -2?
9a0973
In base 9, what is 158 - -278735?
280004
In base 4, what is 223 - 1003111121?
-1003110232
In base 7, what is 303 - -352334?
352640
In base 9, what is 5620 + 2535?
8255
In base 2, what is 10101100100001 + -11001101001110?
-100000101101
In base 10, what is 10179988 - 3?
10179985
In base 4, what is 3221001120 - 20302?
3220320212
In base 8, what is 372 - 1476676?
-1476304
In base 8, what is 16450627 + 36?
16450665
In base 14, what is -15b0259 + -11?
-15b026a
In base 11, what is -12 - -5579a14?
5579a02
In base 13, what is -12 + -24a997a?
-24a998c
In base 12, what is 10 + 779658?
779668
In base 4, what is -3203030 + 20002?
-3123022
In base 16, what is cb - -14c04?
14ccf
In base 16, what is -1 - -bee270?
bee26f
In base 11, what is 5 + 11124157?
11124161
In base 3, what is -21 + -10111201212?
-10111202010
In base 13, what is -895812 + 1?
-895811
In base 8, what is 2106 + -7741?
-5633
In base 5, what is -104 + -1001322334?
-1001322443
In base 4, what is 1332131032 + 10122?
1332201220
In base 11, what is -4874 - -3834?
-1040
In base 15, what is -1da + 4114?
3e29
In base 6, what is -30430111420 - 3?
-30430111423
In base 6, what is -5 + 4105235534?
4105235525
In base 8, what is -22501441 - -14?
-22501425
In base 15, what is -19467 + 896?
-18ac1
In base 10, what is -1015513 - -215?
-1015298
In base 16, what is -2d65 + 304?
-2a61
In base 14, what is -68c5 - 1363d?
-1a124
In base 13, what is 5 - -17967a47?
17967a4c
In base 2, what is -10010111010110 - 1001101101001101?
-1100000100100011
In base 15, what is 151e28c + 3?
151e290
In base 13, what is 1 - 1c5c517?
-1c5c516
In base 15, what is 1 + e40c6?
e40c7
In base 2, what is -1011001011 + -11001101101110001?
-11001111000111100
In base 5, what is 1022001 - 2033142?
-1011141
In base 8, what is -1336 + -21644?
-23202
In base 3, what is 100022 + 1222222021?
2000022120
In base 9, what is -10 + 15632300?
15632280
In base 12, what is 2 + 78ab062?
78ab064
In base 5, what is 11132240431 + 10?
11132240441
In base 9, what is 1007254726 + 4?
1007254731
In base 14, what is 7cb + 172b4?
17aa1
In base 10, what is -2840 + -10607?
-13447
In base 6, what is 0 - 5305325151?
-5305325151
In base 11, what is 4a41819 + -1?
4a41818
In base 15, what is 3e403 + 1c5?
3e5c8
In base 2, what is 1010010010 + -1000101111100001?
-1000100101001111
In base 10, what is -6807013 + 5?
-6807008
In base 2, what is -10011010001010000001111010 + 101?
-10011010001010000001110101
In base 10, what is 461 - -53